{"version":"1.0","provider_name":"JULES VERNE BUSINESS MICE TRAVEL","provider_url":"https:\/\/julesverne.com.tr\/en","author_name":"fikirman","author_url":"https:\/\/julesverne.com.tr\/en\/author\/fikirman\/","title":"Mozart'\u0131n Evinde M\u00fczik Ziyafeti: Salzburg Mozart Festivali - JULES VERNE BUSINESS MICE TRAVEL","type":"rich","width":600,"height":338,"html":"<blockquote class=\"wp-embedded-content\" data-secret=\"zoJNf4BwdU\"><a href=\"https:\/\/julesverne.com.tr\/en\/travel-blog\/mozartin-evinde-muzik-ziyafeti-salzburg-mozart-festivali\/\">Mozart&#8217;\u0131n Evinde M\u00fczik Ziyafeti: Salzburg Mozart Festivali<\/a><\/blockquote><iframe sandbox=\"allow-scripts\" security=\"restricted\" src=\"https:\/\/julesverne.com.tr\/en\/travel-blog\/mozartin-evinde-muzik-ziyafeti-salzburg-mozart-festivali\/embed\/#?secret=zoJNf4BwdU\" width=\"600\" height=\"338\" title=\"&#8220;Mozart&#8217;\u0131n Evinde M\u00fczik Ziyafeti: Salzburg Mozart Festivali&#8221; &#8212; JULES VERNE BUSINESS MICE TRAVEL\" data-secret=\"zoJNf4BwdU\" frameborder=\"0\" marginwidth=\"0\" marginheight=\"0\" scrolling=\"no\" class=\"wp-embedded-content\"><\/iframe><script type=\"text\/javascript\">\n\/* <![CDATA[ *\/\n\/*! This file is auto-generated *\/\n!function(d,l){\"use strict\";l.querySelector&&d.addEventListener&&\"undefined\"!=typeof URL&&(d.wp=d.wp||{},d.wp.receiveEmbedMessage||(d.wp.receiveEmbedMessage=function(e){var t=e.data;if((t||t.secret||t.message||t.value)&&!\/[^a-zA-Z0-9]\/.test(t.secret)){for(var s,r,n,a=l.querySelectorAll('iframe[data-secret=\"'+t.secret+'\"]'),o=l.querySelectorAll('blockquote[data-secret=\"'+t.secret+'\"]'),c=new RegExp(\"^https?:$\",\"i\"),i=0;i<o.length;i++)o[i].style.display=\"none\";for(i=0;i<a.length;i++)s=a[i],e.source===s.contentWindow&&(s.removeAttribute(\"style\"),\"height\"===t.message?(1e3<(r=parseInt(t.value,10))?r=1e3:~~r<200&&(r=200),s.height=r):\"link\"===t.message&&(r=new URL(s.getAttribute(\"src\")),n=new URL(t.value),c.test(n.protocol))&&n.host===r.host&&l.activeElement===s&&(d.top.location.href=t.value))}},d.addEventListener(\"message\",d.wp.receiveEmbedMessage,!1),l.addEventListener(\"DOMContentLoaded\",function(){for(var e,t,s=l.querySelectorAll(\"iframe.wp-embedded-content\"),r=0;r<s.length;r++)(t=(e=s[r]).getAttribute(\"data-secret\"))||(t=Math.random().toString(36).substring(2,12),e.src+=\"#?secret=\"+t,e.setAttribute(\"data-secret\",t)),e.contentWindow.postMessage({message:\"ready\",secret:t},\"*\")},!1)))}(window,document);\n\/* ]]> *\/\n<\/script>\n","thumbnail_url":"https:\/\/julesverne.com.tr\/wp-content\/uploads\/2020\/09\/shutterstock_130170272.jpg","thumbnail_width":740,"thumbnail_height":493,"description":"Her y\u0131l Salzburg Mozarteum Vakf\u0131 taraf\u0131ndan organize edilen ve operadan oda orkestras\u0131 konserlerine kadar bir&ccedil;ok m&uuml;zik etkinli\u011fine ev sahipli\u011fi yapan Mozartwoche (Mozart Haftas\u0131) ise sadece Salzurg&rsquo;un de\u011fil t&uuml;m Avrupa&rsquo;n\u0131n en de\u011ferli klasik m&uuml;zik festivallerinden bir tanesi. 27 Ocak 1756 do\u011fumlu olan Mozart'\u0131n an\u0131s\u0131na Ocak'\u0131n son haftas\u0131nda ba\u015flayan m&uuml;zik festivali bu y\u0131l 26 Ocak-4 \u015eubat 2018 tarihlerinde Salzburg&rsquo;un &ouml;nemli konser salonlar\u0131nda ger&ccedil;ekle\u015fiyor.&nbsp;"}

Mozart'ın Evinde Müzik Ziyafeti: Salzburg Mozart Festivali - JULES VERNE BUSINESS MICE TRAVEL

<blockquote class="wp-embedded-content" data-secret="zoJNf4BwdU"><a href="https://julesverne.com.tr/en/travel-blog/mozartin-evinde-muzik-ziyafeti-salzburg-mozart-festivali/">Mozart&#8217;ın Evinde Müzik Ziyafeti: Salzburg Mozart Festivali</a></blockquote><iframe sandbox="allow-scripts" security="restricted" src="https://julesverne.com.tr/en/travel-blog/mozartin-evinde-muzik-ziyafeti-salzburg-mozart-festivali/embed/#?secret=zoJNf4BwdU" width="600" height="338" title="&#8220;Mozart&#8217;ın Evinde Müzik Ziyafeti: Salzburg Mozart Festivali&#8221; &#8212; JULES VERNE BUSINESS MICE TRAVEL" data-secret="zoJNf4BwdU" frameborder="0" marginwidth="0" marginheight="0" scrolling="no" class="wp-embedded-content"></iframe><script type="text/javascript">
/* <![CDATA[ */
/*! This file is auto-generated */
!function(d,l){"use strict";l.querySelector&&d.addEventListener&&"undefined"!=typeof URL&&(d.wp=d.wp||{},d.wp.receiveEmbedMessage||(d.wp.receiveEmbedMessage=function(e){var t=e.data;if((t||t.secret||t.message||t.value)&&!/[^a-zA-Z0-9]/.test(t.secret)){for(var s,r,n,a=l.querySelectorAll('iframe[data-secret="'+t.secret+'"]'),o=l.querySelectorAll('blockquote[data-secret="'+t.secret+'"]'),c=new RegExp("^https?:$","i"),i=0;i<o.length;i++)o[i].style.display="none";for(i=0;i<a.length;i++)s=a[i],e.source===s.contentWindow&&(s.removeAttribute("style"),"height"===t.message?(1e3<(r=parseInt(t.value,10))?r=1e3:~~r<200&&(r=200),s.height=r):"link"===t.message&&(r=new URL(s.getAttribute("src")),n=new URL(t.value),c.test(n.protocol))&&n.host===r.host&&l.activeElement===s&&(d.top.location.href=t.value))}},d.addEventListener("message",d.wp.receiveEmbedMessage,!1),l.addEventListener("DOMContentLoaded",function(){for(var e,t,s=l.querySelectorAll("iframe.wp-embedded-content"),r=0;r<s.length;r++)(t=(e=s[r]).getAttribute("data-secret"))||(t=Math.random().toString(36).substring(2,12),e.src+="#?secret="+t,e.setAttribute("data-secret",t)),e.contentWindow.postMessage({message:"ready",secret:t},"*")},!1)))}(window,document);
/* ]]> */
</script>

Her yıl Salzburg Mozarteum Vakfı tarafından organize edilen ve operadan oda orkestrası konserlerine kadar bir&ccedil;ok m&uuml;zik etkinliğine ev sahipliği yapan Mozartwoche (Mozart Haftası) ise sadece Salzurg&rsquo;un değil t&uuml;m Avrupa&rsquo;nın en değerli klasik m&uuml;zik festivallerinden bir tanesi. 27 Ocak 1756 doğumlu olan Mozart'ın anısına Ocak'ın son haftasında başlayan m&uuml;zik festivali bu yıl 26 Ocak-4 Şubat 2018 tarihlerinde Salzburg&rsquo;un &ouml;nemli konser salonlarında ger&ccedil;ekleşiyor.&nbsp;
