{"version":"1.0","provider_name":"JULES VERNE BUSINESS MICE TRAVEL","provider_url":"https:\/\/julesverne.com.tr\/en","author_name":"Ebru Alt\u0131n","author_url":"https:\/\/julesverne.com.tr\/en\/author\/ebru-altin\/","title":"(TR) Jules Verne Blog'da Sanat Var: Leyla Pekin'in Kaleminden Merak Edilen Sergiler ve Sanat Etkinlikleri - JULES VERNE BUSINESS MICE TRAVEL","type":"rich","width":600,"height":338,"html":"<blockquote class=\"wp-embedded-content\" data-secret=\"MvvBjYLkk1\"><a href=\"https:\/\/julesverne.com.tr\/en\/travel-blog\/leyla-pekin-ile-yeni-sanat-dizimiz-basliyor\/\">(TR) Jules Verne Blog&#8217;da Sanat Var: Leyla Pekin&#8217;in Kaleminden Merak Edilen Sergiler ve Sanat Etkinlikleri<\/a><\/blockquote><iframe sandbox=\"allow-scripts\" security=\"restricted\" src=\"https:\/\/julesverne.com.tr\/en\/travel-blog\/leyla-pekin-ile-yeni-sanat-dizimiz-basliyor\/embed\/#?secret=MvvBjYLkk1\" width=\"600\" height=\"338\" title=\"&#8220;(TR) Jules Verne Blog&#8217;da Sanat Var: Leyla Pekin&#8217;in Kaleminden Merak Edilen Sergiler ve Sanat Etkinlikleri&#8221; &#8212; JULES VERNE BUSINESS MICE TRAVEL\" data-secret=\"MvvBjYLkk1\" frameborder=\"0\" marginwidth=\"0\" marginheight=\"0\" scrolling=\"no\" class=\"wp-embedded-content\"><\/iframe><script type=\"text\/javascript\">\n\/* <![CDATA[ *\/\n\/*! This file is auto-generated *\/\n!function(d,l){\"use strict\";l.querySelector&&d.addEventListener&&\"undefined\"!=typeof URL&&(d.wp=d.wp||{},d.wp.receiveEmbedMessage||(d.wp.receiveEmbedMessage=function(e){var t=e.data;if((t||t.secret||t.message||t.value)&&!\/[^a-zA-Z0-9]\/.test(t.secret)){for(var s,r,n,a=l.querySelectorAll('iframe[data-secret=\"'+t.secret+'\"]'),o=l.querySelectorAll('blockquote[data-secret=\"'+t.secret+'\"]'),c=new RegExp(\"^https?:$\",\"i\"),i=0;i<o.length;i++)o[i].style.display=\"none\";for(i=0;i<a.length;i++)s=a[i],e.source===s.contentWindow&&(s.removeAttribute(\"style\"),\"height\"===t.message?(1e3<(r=parseInt(t.value,10))?r=1e3:~~r<200&&(r=200),s.height=r):\"link\"===t.message&&(r=new URL(s.getAttribute(\"src\")),n=new URL(t.value),c.test(n.protocol))&&n.host===r.host&&l.activeElement===s&&(d.top.location.href=t.value))}},d.addEventListener(\"message\",d.wp.receiveEmbedMessage,!1),l.addEventListener(\"DOMContentLoaded\",function(){for(var e,t,s=l.querySelectorAll(\"iframe.wp-embedded-content\"),r=0;r<s.length;r++)(t=(e=s[r]).getAttribute(\"data-secret\"))||(t=Math.random().toString(36).substring(2,12),e.src+=\"#?secret=\"+t,e.setAttribute(\"data-secret\",t)),e.contentWindow.postMessage({message:\"ready\",secret:t},\"*\")},!1)))}(window,document);\n\/* ]]> *\/\n<\/script>\n","thumbnail_url":"https:\/\/julesverne.com.tr\/wp-content\/uploads\/2024\/05\/beyoglu.jpg","thumbnail_width":1200,"thumbnail_height":800,"description":"Leyla Pekin ile Jules Verne Blog'da sanat dolu bir macera sizleri bekliyor!Y\u0131llard\u0131r sanat\u0131n tutkulu takip\u00e7isi olan, sanat d\u00fcnyas\u0131n\u0131n nabz\u0131n\u0131 tutan Leyla Pekin, Jules Verne Blog'da yepyeni bir sanat k\u00f6\u015fesiyle kar\u015f\u0131n\u0131zda!\u0130stanbul'un ve T\u00fcrkiye'nin d\u00f6rt bir yan\u0131ndaki sanat olaylar\u0131n\u0131 keyifle g\u00f6zlemleyip yorumlayan Leyla Pekin, gezdi\u011fi sergileri, kat\u0131ld\u0131\u011f\u0131 sanat etkinliklerini ve be\u011fenilerini sizlerle payla\u015facak. Sanat\u0131n farkl\u0131 y\u00f6nlerini ke\u015ffetmenizi sa\u011flayacak keyifli bir sanat yolculu\u011fu sizleri bekliyor."}

Ebru Altın

Leyla Pekin ile Jules Verne Blog'da sanat dolu bir macera sizleri bekliyor!Yıllardır sanatın tutkulu takipçisi olan, sanat dünyasının nabzını tutan Leyla Pekin, Jules Verne Blog'da yepyeni bir sanat köşesiyle karşınızda!İstanbul'un ve Türkiye'nin dört bir yanındaki sanat olaylarını keyifle gözlemleyip yorumlayan Leyla Pekin, gezdiği sergileri, katıldığı sanat etkinliklerini ve beğenilerini sizlerle paylaşacak. Sanatın farklı yönlerini keşfetmenizi sağlayacak keyifli bir sanat yolculuğu sizleri bekliyor.
